 = -6 + 18*l - 6*l - 7*l**2 + l**3 - 14*l. Let g be n(i). What is the greatest common divisor of 28 and g?
14
Let t be (-2 + (-10)/(-4))*0. Suppose t = -3*b + b + 26. Let u(i) = -6*i - 119. Let r be u(-22). What is the highest common divisor of b and r?
13
Let v(n) = -34*n - 2. Let m be v(-1). Calculate the highest common factor of 32 and m.
32
Let j be 12/4 - (0 - -1). Calculate the highest common divisor of j and 12.
2
Let v = 3 + 0. Suppose 0 = 6*m - 11*m + 15. Suppose -2*y + m = -y. What is the highest common divisor of y and v?
3
Suppose -3*v = -14 - 118. Suppose 3*s = -3*p + 105, -2*p - 4*s + v = -p. Let j = 12 - 4. Calculate the greatest common divisor of j and p.
8
Suppose -5*o - 2 = 5*l + 23, l + 5*o = -25. Let x be (-7 - -4)/(-1 + l). Suppose 0 = -k - k + 8, 49 = x*h + 4*k. What is the highest common factor of 33 and h?
11
Let q(v) = 8*v - 4. Let s be q(4). Suppose 0 = -3*h + 4 + 2. Let g be 68 - (h*-1 + 0). What is the greatest common divisor of g and s?
14
Let a = 22 - 4. Let l(k) = k**3 - 3*k**2 + 1. Let w be l(1). Let d be (-2*1)/(w + 0). What is the greatest common divisor of a and d?
2
Let m = 1 + 2. Suppose 0 + 81 = m*f. What is the highest common divisor of 297 and f?
27
Let p(u) = 18*u + 3. Let a be p(-2). Let v = a - -51. What is the greatest common divisor of v and 9?
9
Let m(j) = j - j**2 + 4*j + 20 - 4*j. Let y be m(0). What is the greatest common factor of y and 180?
20
Let w(x) = x**2 - 3*x + 2. Let p = -16 - -12. Let j be w(p). What is the greatest common factor of j and 75?
15
Suppose u = -4*u + 5. Let b be u*(-1 + -5)*-1. Calculate the highest common factor of b and 2.
2
Let n(i) = -i. Let o be n(-4). Suppose -3*q = -5*y + y + 21, -4*y + 26 = 2*q. Calculate the highest common factor of o and y.
2
Suppose 0 = v + 2, -5*t + 100 = -2*t - 5*v. Calculate the highest common factor of 3 and t.
3
Let v(h) = 3 + 1 + 8*h + 1 - 2. Let d be v(4). Let b = -12 + 17. Calculate the greatest common factor of d and b.
5
Let k(w) = -30*w**3 + w**2 - 1. Let d be k(-1). Let p = -28 + 40. What is the highest common divisor of d and p?
6
Suppose -2*q + 4*w = 3*w - 12, 0 = 4*w. Calculate the greatest common divisor of q and 66.
6
Let s(j) = -4*j - 18. Let k be s(-12). Let r(m) = -m**2 + 8*m + 3. Let f be r(6). What is the greatest common divisor of f and k?
15
Let n = -5 - 15. Let g be (-1)/3 - n/6. Calculate the greatest common divisor of 12 and g.
3
Suppose 0 = 4*a - 3*j - 823, 4*a + 5*j + 74 - 889 = 0. Calculate the greatest common factor of 82 and a.
41
Let b be -2*(-4)/(-8) + 19. What is the highest common factor of b and 45?
9
Let s(l) = 8*l**3 + l + 1. Let r be s(3). What is the highest common divisor of r and 20?
20
Suppose 3*m - 36 = 5*z, 5*m - 1 + 3 = -2*z. Let d(i) = i**3 + 7*i**2 - i. Let n be d(z). What is the greatest common divisor of 28 and n?
14
Let a(n) = 5*n**2 + 6*n + 2. Let m be a(-4). Calculate the highest common divisor of m and 145.
29
Let a(j) = 2*j**2 - 7*j + 2. Let z be a(8). What is the greatest common divisor of z and 185?
37
Let b be (-1 + 1)/(4/2). Suppose a + b*a - 105 = 5*p, 174 = 2*a + 2*p. What is the greatest common divisor of a and 10?
10
Suppose -3*g + 6*g - 15 = 0. Suppose 5*w + 5*h = 0, -g*w + 0*h + 4*h = -27. Suppose w*y - 21 = -0*y. What is the greatest common divisor of 77 and y?
7
Let h = 2 - -4. Suppose -3*i + 108 = -i. What is the greatest common factor of i and h?
6
Let y(r) = 3*r**2. Let c be y(4). Let w be 1/(4 + -5) + 7. Calculate the highest common factor of c and w.
6
Suppose -5*z + 8 + 37 = 0. Let l(x) = -2*x - 3. Let f be l(-6). What is the highest common factor of z and f?
9
Let w(o) be the first derivative of 8*o**3/3 - o**2/2 + o + 1. Let a be w(-3). Calculate the highest common factor of 19 and a.
19
Let z(g) = -g**3 + 4*g**2 + 4*g. Let o be z(5). Let f = 15 + -7. Let a = f + o. Calculate the greatest common divisor of 15 and a.
3
Let d(b) = -7*b - 9. Let c = 12 + -9. Suppose c*w = 5*w + 12. Let x be d(w). Calculate the greatest common factor of 11 and x.
11
Let u be (-101)/(-4) - 12/48. What is the greatest common factor of u and 50?
25
Let h = -19 - -37. Let i = -16 - -64. Suppose 4*g + 4*f - i = 0, 5*g - 6*g + h = -2*f. Calculate the greatest common factor of g and 154.
14
Let c be 25/2*8/(-10). Let t be (-2)/5 - 604/c. What is the highest common factor of 20 and t?
20
Suppose -3*r - r - 5*b = 0, -2 = -2*r - 2*b. Suppose 2*l = 1 + 3. Suppose r = d, 0*d + 26 = c + l*d. Calculate the highest common factor of c and 128.
16
Suppose 0 = t - 4*h - 117, 0 = -5*t + 2*h + 3*h + 600. Suppose 148*r = 152*r - 44. Calculate the highest common factor of r and t.
11
Let o(l) = -l**3 - 3*l**2 - 4*l - 5. Let x = -7 + 16. Suppose 2*z - 1 + x = 0. Let n be o(z). Calculate the greatest common factor of 9 and n.
9
Suppose -5*k = b - 55, -5*b + 2*k + 197 = k. What is the greatest common divisor of b and 140?
20
Let q be (1 - 88)*(-1)/3. Suppose -z + 0*z = -4*h - 59, 2*h = -z + q. Let u be (2/1)/(6/z). What is the greatest common factor of u and 26?
13
Let k(y) = 1 - 2*y + 0*y**2 + 4*y**2 - y**3 + 8*y. Suppose -3*z = -0*z - 15. Let r be k(z). What is the greatest common divisor of 15 and r?
3
Let u be (0 - -1) + 17*7. Let t = -56 + u. Calculate the greatest common divisor of 16 and t.
16
Suppose 0 = -3*w + 48 - 12. Let t be (120/50)/(1/5). Calculate the greatest common factor of t and w.
12
Let x be (52/(-2))/(-3 + 4). Let c be 3*(-1 + x/(-6)). What is the highest common divisor of c and 5?
5
Suppose -11*u + 7*u + 280 = 0. What is the greatest common factor of 14 and u?
14
Let v = 31 - 18. Suppose -2*b = 82 + 152. Let g be ((-4)/6)/(6/b). What is the highest common factor of g and v?
13
Suppose -2*s + 5*r = 2*r + 7, -3*s - 4*r = -15. What is the highest common factor of s and 4?
1
Suppose 2*r + 6 = 5*r. Suppose 4*w = -4*s + 316, 0 = s + 2*s - r*w - 242. Calculate the greatest common divisor of s and 16.
16
Let n(u) = u**2 - 8*u + 18. Let k be n(8). What is the highest common divisor of 90 and k?
18
Let j(u) = 34*u + 80. Let r be j(8). What is the greatest common factor of r and 32?
32
Let k(g) = g - 3. Let j be k(3). Suppose 5*x + 10 + 0 = j, 3 = -s - 4*x. Calculate the greatest common divisor of 45 and s.
5
Let k(x) = 23*x + 1. Let z be k(1). Let p = 44 - z. Suppose 0 = w - 17 - 13. Calculate the highest common factor of p and w.
10
Suppose y - 24 = -3*b, 4*b - 7 = 9. Calculate the highest common factor of 6 and y.
6
Suppose -c + 16 = -0*c. Let t = -101 - -229. What is the greatest common divisor of t and c?
16
Let m(r) = -13*r**2 + r. Let j be m(1). Let h = -2 - j. What is the highest common divisor of 70 and h?
10
Suppose -p = y - 3*p - 90, 4*y + 5*p = 425. Let l = y + 26. What is the greatest common factor of 18 and l?
18
Let k = 4 - -1. Suppose 4*o - 225 = 5*v, -k*v + 255 = -2*o + 6*o. Let s = 38 + -23. Calculate the highest common divisor of s and o.
15
Let f = 8 + -5. Suppose 2*c - 3 = 4*o + f, -2*o + 27 = 5*c. Let h = -108 - -153. Calculate the greatest common divisor of c and h.
5
Let l(u) = 26*u**2 - u. Let b be l(1). Let n(s) = -s**3 + 6*s**2 - 3 - 16*s + 1 + 18*s. Let c be n(6). What is the greatest common factor of c and b?
5
Let k be 6/3 + 1 + 7. Calculate the highest common factor of k and 10.
10
Suppose -2*n = 5*a - 50, 0 = 4*n - 5*a - 81 + 11. Let f(g) = -g + 60. Let p be f(0). Calculate the highest common factor of n and p.
20
Let y(m) = m + 4. Let b be y(12). What is the greatest common factor of 16 and b?
16
Let m = 11 + -7. Suppose 3 = m*u - 17, 0 = -4*b - 4*u - 20. Let a be (-4)/(-10) + (-506)/b. What is the highest common divisor of a and 34?
17
Let x(z) = 3*z**2 - 4*z + 3. Let u be x(2). What is the greatest common factor of u and 7?
7
Let a(b) = -b**2 + 8*b + 2. Let u be a(7). Let h be (0 - (-2)/2)*-1. Let l be (h/(-2))/(1/54). What is the highest common factor of l and u?
9
Let s = 29 + -3. Calculate the highest common divisor of s and 65.
13
Let h = 7 - 4. Suppose -4*w + 3 = m - 397, -h*w = 3*m - 1155. Suppose -m = -5*z + 5*i, 3*z - i - 230 + 0 = 0. What is the highest common divisor of 7 and z?
7
Let c = 165 + 49. Suppose 4*h - 4*j = 2*h + 104, -4*h + c = -5*j. Calculate the highest common factor of h and 7.
7
Suppose m = 4*d - m - 64, -d + 5*m = -34. Let j be 194/d + (